ded by 279.
276
Calculate the remainder when 3826123 is divided by 5.
3
Calculate the remainder when 20687058 is divided by 440150.
8
Calculate the remainder when 7666573 is divided by 1275.
1273
Calculate the remainder when 295869 is divided by 98469.
462
Calculate the remainder when 451070 is divided by 2844.
1718
Calculate the remainder when 37147455 is divided by 345.
270
Calculate the remainder when 11115660 is divided by 976.
972
What is the remainder when 79007935 is divided by 1269?
1264
What is the remainder when 99101 is divided by 3962?
51
Calculate the remainder when 480613 is divided by 60031.
365
What is the remainder when 53044 is divided by 26429?
186
Calculate the remainder when 78113 is divided by 2452.
2101
Calculate the remainder when 327717 is divided by 1007.
442
Calculate the remainder when 1423387 is divided by 711693.
1
Calculate the remainder when 606342 is divided by 24252.
42
What is the remainder when 2371364 is divided by 237134?
24
Calculate the remainder when 1708670 is divided by 5477.
5323
Calculate the remainder when 398340 is divided by 591.
6
What is the remainder when 2631869 is divided by 656?
653
Calculate the remainder when 42179923 is divided by 297.
280
Calculate the remainder when 236890 is divided by 1991.
1952
Calculate the remainder when 3229735 is divided by 259.
5
Calculate the remainder when 521209 is divided by 15735.
1954
What is the remainder when 37217 is divided by 449?
399
What is the remainder when 59960 is divided by 2001?
1931
What is the remainder when 182159600 is divided by 61?
58
Calculate the remainder when 9712 is divided by 16.
0
What is the remainder when 30467930 is divided by 42973?
73
What is the remainder when 103293 is divided by 102492?
801
Calculate the remainder when 92272 is divided by 10683.
6808
What is the remainder when 509983719 is divided by 54?
51
Calculate the remainder when 11308681 is divided by 85.
26
What is the remainder when 129976 is divided by 1161?
1105
What is the remainder when 29921 is divided by 2991?
11
What is the remainder when 990485 is divided by 143?
67
Calculate the remainder when 644737 is divided by 161174.
41
Calculate the remainder when 1548427 is divided by 2114.
979
Calculate the remainder when 70559 is divided by 5450.
5159
Calculate the remainder when 33065929 is divided by 8593.
65
What is the remainder when 765324 is divided by 6764?
992
What is the remainder when 2497742 is divided by 861?
842
What is the remainder when 150444 is divided by 48661?
4461
What is the remainder when 347388 is divided by 110?
8
Calculate the remainder when 41398 is divided by 3406.
526
Calculate the remainder when 90673 is divided by 8231.
132
Calculate the remainder when 8578096 is divided by 1734.
1732
What is the remainder when 186053 is divided by 797?
352
Calculate the remainder when 1244922 is divided by 20.
2
What is the remainder when 2407127 is divided by 557?
330
What is the remainder when 3406093 is divided by 76?
1
Calculate the remainder when 930613 is divided by 341.
24
What is the remainder when 1642112 is divided by 254?
2
Calculate the remainder when 10197302 is divided by 21.
17
What is the remainder when 1267503 is divided by 16250?
3
What is the remainder when 180553 is divided by 4317?
3556
What is the remainder when 1842580 is divided by 105?
40
What is the remainder when 318598 is divided by 35051?
3139
Calculate the remainder when 464909 is divided by 439.
8
What is the remainder when 3972449 is divided by 441382?
11
Calculate the remainder when 1080748 is divided by 51.
7
What is the remainder when 470634296 is divided by 7?
6
What is the remainder when 282472 is divided by 81?
25
What is the remainder when 229215 is divided by 9533?
423
What is the remainder when 952618 is divided by 952345?
273
What is the remainder when 3767682 is divided by 54600?
282
Calculate the remainder when 1218762 is divided by 6093.
162
What is the remainder when 9205965 is divided by 179?
174
What is the remainder when 758012469 is divided by 414?
411
Calculate the remainder when 89782815 is divided by 7481900.
15
What is the remainder when 4440519 is divided by 9?
0
Calculate the remainder when 2641386 is divided by 3152.
10
Calculate the remainder when 100609100 is divided by 1233.
1232
Calculate the remainder when 412886 is divided by 7119.
7103
What is the remainder when 1443078 is divided by 254?
104
Calculate the remainder when 4152922 is divided by 304.
282
Calculate the remainder when 10375 is divided by 8.
7
What is the remainder when 1612055 is divided by 319?
148
What is the remainder when 6814219 is divided by 1970?
1959
What is the remainder when 16071463 is divided by 803573?
3
What is the remainder when 884216 is divided by 42?
32
What is the remainder when 394282 is divided by 986?
868
What is the remainder when 52062253 is divided by 49?
47
Calculate the remainder when 259607 is divided by 86075.
1382
Calculate the remainder when 3779034 is divided by 80.
74
Calculate the remainder when 2339121 is divided by 80659.
10
What is the remainder when 46490646 is divided by 46490627?
19
What is the remainder when 2574507 is divided by 6847?
35
Calculate the remainder when 5105567 is divided by 34037.
17
What is the remainder when 143960 is divided by 739?
594
Calculate the remainder when 178961569 is divided by 38.
37
Calculate the remainder when 15289500 is divided by 152895.
0
Calculate the remainder when 50615 is divided by 1486.
91
What is the remainder when 1304051 is divided by 1304043?
8
Calculate the remainder when 2419488 is divided by 200.
88
What is the remainder when 34127 is divided by 1896?
1895
Calculate the remainder when 1486601 is divided by 310.
151
Calculate the remainder when 36347750 is divided by 3443.
3442
What is the remainder when 4652082 is divided by 31222?
4
Calculate the remainder when 3282133 is divided by 374.
283
Calculate the remainder when 233514 is divided by 2171.
1217
What is the remainder when 10107290 is divided by 48?
26
What is the remainder when 338018613 is divided by 468?
465
What is the remainder when 287189 is divided by 823?
785
What is the remainder when 5012479 is divided by 2411?
10
Calculate the remainder when 238477 is divided by 13991.
630
Calculate the remainder when 24904690 is divided by 1044.
70
Calculate the remainder when 34317 is divided by 2420.
437
What is the remainder when 504421 is divided by 504367?
54
What is the remainder when 6169 is divided by 5551?
618
What is the remainder when 287170 is divided by 36?
34
Calculate the remainder when 7072072 is divided by 243861.
103
What is the remainder when 7418580 is divided by 502?
24
Calculate the remainder when 3916741 is divided by 74.
69
What is the remainder when 688530 is divided by 4123?
4112
Calculate the remainder when 287245939 is divided by 340.
339
What is the remainder when 3386149 is divided by 120?
109
What is the remainder when 3291449 is divided by 63297?
5
Calculate the remainder when 37502318 is divided by 9916.
6
What is the remainder when 44594075 is divided by 550544?
11
What is the remainder when 63497 is divided by 19?
18
Calculate the remainder when 15650346 is divided by 14.
12
What is the remainder when 156253 is divided by 723?
85
Calculate the remainder when 15862045 is divided by 5287347.
4
What is the remainder when 19862 is divided by 1487?
531
Calculate the remainder when 184410 is divided by 2530.
2250
Calculate the remainder when 99968 is divided by 12174.
2576
Calculate the remainder when 352739204 is divided by 2457.
2456
What is the remainder when 176693 is divided by 44144?
117
Calculate the remainder when 24419466 is divided by 10.
6
Calculate the remainder when 36066947 is divided by 2254184.
3
What is the remainder when 20815 is divided by 2288?
223
What is the remainder when 252914378 is divided by 84304783?
29
Calculate the remainder when 1176005 is divided by 293996.
21
What is the remainder when 48381 is divided by 4275?
1356
Calculate the remainder when 951985 is divided by 237992.
17
What is the remainder when 5315776 is divided by 6850?
176
What is the remainder when 503082 is divided by 502864?
218
Calculate the remainder when 31803307 is divided by 110.
107
What is the rema